{"id":153,"date":"2018-01-04T17:41:29","date_gmt":"2018-01-04T16:41:29","guid":{"rendered":"http:\/\/echta-derminga.de\/?page_id=153"},"modified":"2024-03-12T15:47:53","modified_gmt":"2024-03-12T14:47:53","slug":"mein-svd","status":"publish","type":"page","link":"https:\/\/echta-derminga.de\/?page_id=153","title":{"rendered":"Mein SVD"},"content":{"rendered":"<div class=\"wp-block-image\">\n<figure class=\"alignleft is-resized\"><img loading=\"lazy\" decoding=\"async\" width=\"300\" height=\"225\" src=\"https:\/\/echta-derminga.de\/wp-content\/uploads\/2018\/01\/Frank-300x225.jpg\" alt=\"\" class=\"wp-image-154\" style=\"width:335px;height:auto\" srcset=\"https:\/\/echta-derminga.de\/wp-content\/uploads\/2018\/01\/Frank-300x225.jpg 300w, https:\/\/echta-derminga.de\/wp-content\/uploads\/2018\/01\/Frank-768x576.jpg 768w, https:\/\/echta-derminga.de\/wp-content\/uploads\/2018\/01\/Frank-676x507.jpg 676w, https:\/\/echta-derminga.de\/wp-content\/uploads\/2018\/01\/Frank.jpg 800w\" sizes=\"auto, (max-width: 300px) 100vw, 300px\" \/><\/figure>\n<\/div>\n\n\n<p class=\"has-medium-font-size wp-block-paragraph\"><b>Seit dem 6 Lebensjahr spiele ich Fu\u00dfball beim ortsans\u00e4ssigen SV Dirmingen. Mit meinen bescheidenen M\u00f6glichkeiten habe ich, gemeinsam&nbsp;mit meinen schwarz-wei\u00dfen&nbsp;Sportsfreunden, doch einige Erfolge feiern d\u00fcrfen. \u00dcber viele Jahre war Fu\u00dfball und insbesondere der SV Dirmingen mein Leben. Im Alter relativiert sich jedoch einiges und man lernt mit seinen Kr\u00e4ften etwas sorgsamer umzugehen.<\/b><\/p>\n\n\n\n<p class=\"has-medium-font-size wp-block-paragraph\">Mit 18 Jahren wurde ich in den Vorstand des SV Dirmingen gew\u00e4hlt. Im Laufe meiner letztlich 30 j\u00e4hrigen Amtszeit f\u00fcr den SVD war ich als Beisitzer, Pressewart, Jugendleiter und Leiter der AH &#8211; Abteilung aktiv. Die Zeit als Jugendleiter des SVD war mit Sicherheit die emotionalste Amtszeit. Immerhin besetzte ich 16 Jahre die Position des Jugendleiters. Aber auch meine Zeit als Leiter der AH-Abteilung m\u00f6chte ich keineswegs missen. Am Ende geh\u00f6rten die 11 Jahre in der Verantwortung der AH-Abteilung zu den letzten Jahren meines Schaffens im SVD-Vorstand.<\/p>\n\n\n\n<p class=\"has-medium-font-size wp-block-paragraph\">In sportlicher Hinsicht kann ich am Ende meiner bescheidenen Karriere ganz zufrieden sein. Mein Einsatzwille und mein Flei\u00df waren letztlich gr\u00f6\u00dfer als mein vorhandenes Talent. Dennoch durfte ich als aktiver Spieler zwei Meisterschaften mit der zweiten Mannschaft des SVD feiern. Zu meinen gr\u00f6\u00dften sportlichen Erfolgen geh\u00f6rt der Aufstieg mit dem SVD im Jahre 1999 in die damalige Bezirksliga und der Klassenerhalt in der folgenden Saison.<\/p>\n\n\n\n<p class=\"has-medium-font-size wp-block-paragraph\">Neben den sportlichen Aktivit\u00e4ten war es immer eine Herzensangelegenheit den Verein im Dorf zu verankern und attraktive Veranstaltungen anzubieten. \u00dcber viele Jahre hatte ich ma\u00dfgeblichen Anteil am vereinseigenen Jugend-Osterturnier, AH-Turnier und am Dorfturnier &#8222;Unser Dorf spielt Fu\u00dfball&#8220;.<\/p>\n\n\n\n<p class=\"has-medium-font-size wp-block-paragraph\">Der SV Dirmingen e. V 1922 ist im heimischen Belkerstadion Zuhause und spielt derzeit in der Bezirksliga Schaumberg. Vor einigen Jahren ist der SVD eine Spielgemeinschaft mit dem VFB Berschweiler eingegangen. Diese &#8222;SG&#8220; verl\u00e4uft bis heute mehr oder weniger harmonisch und erfolgreich. Die vereinseigene erste Frauenmannschaft spielt in der Regionalliga. Der Verein verf\u00fcgt \u00fcber drei eigene Jugendmannschaften. Im Gro\u00dfjugendbereich fusioniert der Verein in der JFG Unteren Ill.<\/p>\n\n\n\n<p class=\"has-medium-font-size wp-block-paragraph\"><strong>Der SVD ist mein Heimatverein und bleibt bis heute meine gro\u00dfe Liebe.<\/strong><\/p>\n\n\n\n<figure class=\"wp-block-gallery has-nested-images columns-3 is-cropped wp-block-gallery-1 is-layout-flex wp-block-gallery-is-layout-flex\">\n<figure class=\"wp-block-image size-large\"><a href=\"https:\/\/echta-derminga.de\/?attachment_id=157\"><img loading=\"lazy\" decoding=\"async\" width=\"800\" height=\"600\" data-id=\"157\" src=\"https:\/\/echta-derminga.de\/wp-content\/uploads\/2018\/01\/SVD-1.jpg\" alt=\"\" class=\"wp-image-157\" srcset=\"https:\/\/echta-derminga.de\/wp-content\/uploads\/2018\/01\/SVD-1.jpg 800w, https:\/\/echta-derminga.de\/wp-content\/uploads\/2018\/01\/SVD-1-300x225.jpg 300w, https:\/\/echta-derminga.de\/wp-content\/uploads\/2018\/01\/SVD-1-768x576.jpg 768w, https:\/\/echta-derminga.de\/wp-content\/uploads\/2018\/01\/SVD-1-676x507.jpg 676w\" sizes=\"auto, (max-width: 800px) 100vw, 800px\" \/><\/a><\/figure>\n\n\n\n<figure class=\"wp-block-image size-large\"><a href=\"https:\/\/echta-derminga.de\/?attachment_id=158\"><img loading=\"lazy\" decoding=\"async\" width=\"720\" height=\"484\" data-id=\"158\" src=\"https:\/\/echta-derminga.de\/wp-content\/uploads\/2018\/01\/SVD-2.jpg\" alt=\"\" class=\"wp-image-158\" srcset=\"https:\/\/echta-derminga.de\/wp-content\/uploads\/2018\/01\/SVD-2.jpg 720w, https:\/\/echta-derminga.de\/wp-content\/uploads\/2018\/01\/SVD-2-300x202.jpg 300w, https:\/\/echta-derminga.de\/wp-content\/uploads\/2018\/01\/SVD-2-676x454.jpg 676w\" sizes=\"auto, (max-width: 720px) 100vw, 720px\" \/><\/a><\/figure>\n\n\n\n<figure class=\"wp-block-image size-large\"><a href=\"https:\/\/echta-derminga.de\/?attachment_id=159\"><img loading=\"lazy\" decoding=\"async\" width=\"800\" height=\"600\" data-id=\"159\" src=\"https:\/\/echta-derminga.de\/wp-content\/uploads\/2018\/01\/SVD.jpg\" alt=\"\" class=\"wp-image-159\" srcset=\"https:\/\/echta-derminga.de\/wp-content\/uploads\/2018\/01\/SVD.jpg 800w, https:\/\/echta-derminga.de\/wp-content\/uploads\/2018\/01\/SVD-300x225.jpg 300w, https:\/\/echta-derminga.de\/wp-content\/uploads\/2018\/01\/SVD-768x576.jpg 768w, https:\/\/echta-derminga.de\/wp-content\/uploads\/2018\/01\/SVD-676x507.jpg 676w\" sizes=\"auto, (max-width: 800px) 100vw, 800px\" \/><\/a><\/figure>\n\n\n\n<figure class=\"wp-block-image size-large\"><a href=\"https:\/\/echta-derminga.de\/?attachment_id=160\"><img loading=\"lazy\" decoding=\"async\" width=\"818\" height=\"586\" data-id=\"160\" src=\"https:\/\/echta-derminga.de\/wp-content\/uploads\/2018\/01\/SVD-4.jpg\" alt=\"\" class=\"wp-image-160\" srcset=\"https:\/\/echta-derminga.de\/wp-content\/uploads\/2018\/01\/SVD-4.jpg 818w, https:\/\/echta-derminga.de\/wp-content\/uploads\/2018\/01\/SVD-4-300x215.jpg 300w, https:\/\/echta-derminga.de\/wp-content\/uploads\/2018\/01\/SVD-4-768x550.jpg 768w, https:\/\/echta-derminga.de\/wp-content\/uploads\/2018\/01\/SVD-4-676x484.jpg 676w\" sizes=\"auto, (max-width: 818px) 100vw, 818px\" \/><\/a><\/figure>\n\n\n\n<figure class=\"wp-block-image size-large\"><a href=\"https:\/\/echta-derminga.de\/?attachment_id=161\"><img loading=\"lazy\" decoding=\"async\" width=\"972\" height=\"585\" data-id=\"161\" src=\"https:\/\/echta-derminga.de\/wp-content\/uploads\/2018\/01\/SVD-5.jpg\" alt=\"\" class=\"wp-image-161\" srcset=\"https:\/\/echta-derminga.de\/wp-content\/uploads\/2018\/01\/SVD-5.jpg 972w, https:\/\/echta-derminga.de\/wp-content\/uploads\/2018\/01\/SVD-5-300x181.jpg 300w, https:\/\/echta-derminga.de\/wp-content\/uploads\/2018\/01\/SVD-5-768x462.jpg 768w, https:\/\/echta-derminga.de\/wp-content\/uploads\/2018\/01\/SVD-5-676x407.jpg 676w\" sizes=\"auto, (max-width: 972px) 100vw, 972px\" \/><\/a><\/figure>\n\n\n\n<figure class=\"wp-block-image size-large\"><a href=\"https:\/\/echta-derminga.de\/?attachment_id=162\"><img loading=\"lazy\" decoding=\"async\" width=\"800\" height=\"450\" data-id=\"162\" src=\"https:\/\/echta-derminga.de\/wp-content\/uploads\/2018\/01\/SVD-6.jpg\" alt=\"\" class=\"wp-image-162\" srcset=\"https:\/\/echta-derminga.de\/wp-content\/uploads\/2018\/01\/SVD-6.jpg 800w, https:\/\/echta-derminga.de\/wp-content\/uploads\/2018\/01\/SVD-6-300x169.jpg 300w, https:\/\/echta-derminga.de\/wp-content\/uploads\/2018\/01\/SVD-6-768x432.jpg 768w, https:\/\/echta-derminga.de\/wp-content\/uploads\/2018\/01\/SVD-6-676x380.jpg 676w\" sizes=\"auto, (max-width: 800px) 100vw, 800px\" \/><\/a><\/figure>\n\n\n\n<figure class=\"wp-block-image size-large\"><a href=\"https:\/\/echta-derminga.de\/?attachment_id=1368\"><img loading=\"lazy\" decoding=\"async\" width=\"644\" height=\"481\" data-id=\"1368\" src=\"https:\/\/echta-derminga.de\/wp-content\/uploads\/2018\/05\/s1-644x481.jpg\" alt=\"\" class=\"wp-image-1368\" srcset=\"https:\/\/echta-derminga.de\/wp-content\/uploads\/2018\/05\/s1-644x481.jpg 644w, https:\/\/echta-derminga.de\/wp-content\/uploads\/2018\/05\/s1-300x224.jpg 300w, https:\/\/echta-derminga.de\/wp-content\/uploads\/2018\/05\/s1-768x574.jpg 768w, https:\/\/echta-derminga.de\/wp-content\/uploads\/2018\/05\/s1.jpg 947w\" sizes=\"auto, (max-width: 644px) 100vw, 644px\" \/><\/a><\/figure>\n\n\n\n<figure class=\"wp-block-image size-large\"><a href=\"https:\/\/echta-derminga.de\/?attachment_id=1369\"><img loading=\"lazy\" decoding=\"async\" width=\"644\" height=\"362\" data-id=\"1369\" src=\"https:\/\/echta-derminga.de\/wp-content\/uploads\/2018\/05\/s2-644x362.jpg\" alt=\"\" class=\"wp-image-1369\" srcset=\"https:\/\/echta-derminga.de\/wp-content\/uploads\/2018\/05\/s2-644x362.jpg 644w, https:\/\/echta-derminga.de\/wp-content\/uploads\/2018\/05\/s2-300x169.jpg 300w, https:\/\/echta-derminga.de\/wp-content\/uploads\/2018\/05\/s2-768x432.jpg 768w, https:\/\/echta-derminga.de\/wp-content\/uploads\/2018\/05\/s2.jpg 800w\" sizes=\"auto, (max-width: 644px) 100vw, 644px\" \/><\/a><\/figure>\n\n\n\n<figure class=\"wp-block-image size-large\"><a href=\"https:\/\/echta-derminga.de\/?attachment_id=1370\"><img loading=\"lazy\" decoding=\"async\" width=\"644\" height=\"362\" data-id=\"1370\" src=\"https:\/\/echta-derminga.de\/wp-content\/uploads\/2018\/05\/s3-644x362.jpg\" alt=\"\" class=\"wp-image-1370\" srcset=\"https:\/\/echta-derminga.de\/wp-content\/uploads\/2018\/05\/s3-644x362.jpg 644w, https:\/\/echta-derminga.de\/wp-content\/uploads\/2018\/05\/s3-300x169.jpg 300w, https:\/\/echta-derminga.de\/wp-content\/uploads\/2018\/05\/s3-768x432.jpg 768w, https:\/\/echta-derminga.de\/wp-content\/uploads\/2018\/05\/s3.jpg 800w\" sizes=\"auto, (max-width: 644px) 100vw, 644px\" \/><\/a><\/figure>\n<\/figure>\n","protected":false},"excerpt":{"rendered":"<p>Seit dem 6 Lebensjahr spiele ich Fu\u00dfball beim ortsans\u00e4ssigen SV Dirmingen. Mit meinen bescheidenen M\u00f6glichkeiten habe ich, gemeinsam&nbsp;mit meinen schwarz-wei\u00dfen&nbsp;Sportsfreunden, doch einige Erfolge feiern d\u00fcrfen. \u00dcber viele Jahre war Fu\u00dfball und insbesondere der SV Dirmingen mein Leben. Im Alter relativiert sich jedoch einiges und man lernt mit seinen Kr\u00e4ften etwas sorgsamer umzugehen. Mit 18 Jahren wurde ich in den Vorstand<\/p>\n","protected":false},"author":1,"featured_media":0,"parent":33,"menu_order":4,"comment_status":"closed","ping_status":"closed","template":"","meta":{"_crdt_document":"","footnotes":""},"class_list":["post-153","page","type-page","status-publish","hentry"],"_links":{"self":[{"href":"https:\/\/echta-derminga.de\/index.php?rest_route=\/wp\/v2\/pages\/153","targetHints":{"allow":["GET"]}}],"collection":[{"href":"https:\/\/echta-derminga.de\/index.php?rest_route=\/wp\/v2\/pages"}],"about":[{"href":"https:\/\/echta-derminga.de\/index.php?rest_route=\/wp\/v2\/types\/page"}],"author":[{"embeddable":true,"href":"https:\/\/echta-derminga.de\/index.php?rest_route=\/wp\/v2\/users\/1"}],"replies":[{"embeddable":true,"href":"https:\/\/echta-derminga.de\/index.php?rest_route=%2Fwp%2Fv2%2Fcomments&post=153"}],"version-history":[{"count":9,"href":"https:\/\/echta-derminga.de\/index.php?rest_route=\/wp\/v2\/pages\/153\/revisions"}],"predecessor-version":[{"id":16936,"href":"https:\/\/echta-derminga.de\/index.php?rest_route=\/wp\/v2\/pages\/153\/revisions\/16936"}],"up":[{"embeddable":true,"href":"https:\/\/echta-derminga.de\/index.php?rest_route=\/wp\/v2\/pages\/33"}],"wp:attachment":[{"href":"https:\/\/echta-derminga.de\/index.php?rest_route=%2Fwp%2Fv2%2Fmedia&parent=153"}],"curies":[{"name":"wp","href":"https:\/\/api.w.org\/{rel}","templated":true}]}}