{"id":191,"date":"2018-01-04T19:49:39","date_gmt":"2018-01-04T18:49:39","guid":{"rendered":"http:\/\/echta-derminga.de\/?page_id=191"},"modified":"2024-03-12T15:54:56","modified_gmt":"2024-03-12T14:54:56","slug":"meine-faasend","status":"publish","type":"page","link":"https:\/\/echta-derminga.de\/?page_id=191","title":{"rendered":"Meine &#8222;Faasend&#8220;"},"content":{"rendered":"<div class=\"wp-block-image wp-image-192 size-medium\">\n<figure class=\"alignleft size-large is-resized\"><img loading=\"lazy\" decoding=\"async\" width=\"700\" height=\"527\" src=\"https:\/\/echta-derminga.de\/wp-content\/uploads\/2024\/03\/427776327_7134049413356389_1082255584017936760_n-700x527.jpg\" alt=\"\" class=\"wp-image-16874\" style=\"width:496px;height:auto\" srcset=\"https:\/\/echta-derminga.de\/wp-content\/uploads\/2024\/03\/427776327_7134049413356389_1082255584017936760_n-700x527.jpg 700w, https:\/\/echta-derminga.de\/wp-content\/uploads\/2024\/03\/427776327_7134049413356389_1082255584017936760_n-300x226.jpg 300w, https:\/\/echta-derminga.de\/wp-content\/uploads\/2024\/03\/427776327_7134049413356389_1082255584017936760_n-768x578.jpg 768w, https:\/\/echta-derminga.de\/wp-content\/uploads\/2024\/03\/427776327_7134049413356389_1082255584017936760_n-1536x1157.jpg 1536w, https:\/\/echta-derminga.de\/wp-content\/uploads\/2024\/03\/427776327_7134049413356389_1082255584017936760_n.jpg 2040w\" sizes=\"auto, (max-width: 700px) 100vw, 700px\" \/><\/figure>\n<\/div>\n\n\n<p class=\"has-medium-font-size wp-block-paragraph\"><strong>Bereits seit 2002 bin ich Mitglied in der Kolpingsfamilie Dirmingen und seiner Untergruppierung des KKV Dirmingen. Seit 2011 bin ich Mitglied im Elferrat des Kolping Karnevalsverein Dirmingen. Die n\u00e4rrische 5. Jahreszeit hat ihren eigenen Charme und wird in Dirmingen j\u00e4hrlich ausgiebig gefeiert.<\/strong><\/p>\n\n\n\n<p class=\"has-medium-font-size wp-block-paragraph\">Bereits in den 1950ger Jahren gab es einen Rosenmontagszug in Dirmingen. Unmittelbar nach der Gr\u00fcndung der Dirminger Kolpingfamilie im Jahre 1955 wurde der erste Maskenball im \u201eHesedenz Saal\u201c durchgef\u00fchrt. In den folgenden Jahren fanden die ersten Kappensitzungen im \u201eHesedenz-Saal\u201c statt. Im Jahre 1956 wurde der erste Dirminger Rosenmontagszug mit gro\u00dfer Verhaftungswelle durchgef\u00fchrt. Im Rahmen dieses n\u00e4rrischen Treibens wurden Kommunalpolitiker, Gesch\u00e4ftsleute und Lehrer verhaftet. Die Gefangenen konnten sich sp\u00e4ter im Hesedenz-Saal bei Speisen und Getr\u00e4nken wieder freikaufen. In den folgenden Jahren wurde sogar in regelm\u00e4\u00dfigen Abst\u00e4nden ein Dirminger Prinzenpaar inthronisiert. Die Erfolgsgeschichte der &#8222;Derminga Faasend&#8220; basiert auf der stolzen Tradition der Kolpingfamilie Dirmingen und des KKV Dirmingen.<\/p>\n\n\n\n<p class=\"has-medium-font-size wp-block-paragraph\"><strong>Der Rosenmontagsumzug in Dirmingen schrieb viele Jahre seine Erfolgsgeschichte. In den 1970ger Jahren wurde der &#8222;Hesedenz Saal&#8220; zu klein und die j\u00e4hrlichen Kappensitzungen wurden in die Borrwieshalle verlegt. Die Kappensitzungen des KKV Dirmingen sind legend\u00e4r und j\u00e4hrlich ausverkauft. Die Garde KKV Dirmingens geh\u00f6rt zu den Besten unserer Region.<\/strong><\/p>\n\n\n\n<p class=\"has-medium-font-size wp-block-paragraph\">Der KKV Dirmingen beteiligt sich w\u00e4hrend der laufenden Session an drei Umz\u00fcgen und diversen Kappensitzungen. Neben den Aktivit\u00e4ten des KKV Dirmingen findet j\u00e4hrlich am Fastnachtssonntag ein Kindermaskenball in der Borrwieshalle statt. Diese Veranstaltung wird von der Bev\u00f6lkerung sehr gut angenommen. Au\u00dferdem beteiligt sich der KKV Dirmingen sehr rege am Dirminger Dorfleben. Das j\u00e4hrliche &#8222;Maibaumsetzen&#8220; oder das bekannte &#8222;Nachbarschaftsfest&#8220; der Rotenbergschule w\u00fcrde es ohne den ortsans\u00e4ssigen KKV Dirmingen nicht geben.<\/p>\n\n\n\n<p class=\"has-medium-font-size wp-block-paragraph\"><strong>Die Dirminger &#8222;Faasend&#8220; liegt mir am Herzen. Darauf ein dreifaches Hoppla Hopp !!!<\/strong><\/p>\n\n\n\n<div class=\"wp-block-columns is-layout-flex wp-container-core-columns-is-layout-8f761849 wp-block-columns-is-layout-flex\">\n<div class=\"wp-block-column is-layout-flow wp-block-column-is-layout-flow\">\n<figure class=\"wp-block-image size-large\"><img loading=\"lazy\" decoding=\"async\" width=\"700\" height=\"525\" src=\"https:\/\/echta-derminga.de\/wp-content\/uploads\/2024\/03\/423779191_7077893465638651_2021182906321886517_n-700x525.jpg\" alt=\"\" class=\"wp-image-16942\" srcset=\"https:\/\/echta-derminga.de\/wp-content\/uploads\/2024\/03\/423779191_7077893465638651_2021182906321886517_n-700x525.jpg 700w, https:\/\/echta-derminga.de\/wp-content\/uploads\/2024\/03\/423779191_7077893465638651_2021182906321886517_n-300x225.jpg 300w, https:\/\/echta-derminga.de\/wp-content\/uploads\/2024\/03\/423779191_7077893465638651_2021182906321886517_n-768x576.jpg 768w, https:\/\/echta-derminga.de\/wp-content\/uploads\/2024\/03\/423779191_7077893465638651_2021182906321886517_n-1536x1152.jpg 1536w, https:\/\/echta-derminga.de\/wp-content\/uploads\/2024\/03\/423779191_7077893465638651_2021182906321886517_n.jpg 2048w\" sizes=\"auto, (max-width: 700px) 100vw, 700px\" \/><\/figure>\n<\/div>\n\n\n\n<div class=\"wp-block-column is-layout-flow wp-block-column-is-layout-flow\">\n<figure class=\"wp-block-image size-large\"><img loading=\"lazy\" decoding=\"async\" width=\"700\" height=\"525\" src=\"https:\/\/echta-derminga.de\/wp-content\/uploads\/2024\/02\/426196372_7133695360058461_3795777781802846812_n-700x525.jpg\" alt=\"\" class=\"wp-image-16711\" srcset=\"https:\/\/echta-derminga.de\/wp-content\/uploads\/2024\/02\/426196372_7133695360058461_3795777781802846812_n-700x525.jpg 700w, https:\/\/echta-derminga.de\/wp-content\/uploads\/2024\/02\/426196372_7133695360058461_3795777781802846812_n-300x225.jpg 300w, https:\/\/echta-derminga.de\/wp-content\/uploads\/2024\/02\/426196372_7133695360058461_3795777781802846812_n-768x576.jpg 768w, https:\/\/echta-derminga.de\/wp-content\/uploads\/2024\/02\/426196372_7133695360058461_3795777781802846812_n.jpg 1200w\" sizes=\"auto, (max-width: 700px) 100vw, 700px\" \/><\/figure>\n<\/div>\n\n\n\n<div class=\"wp-block-column is-layout-flow wp-block-column-is-layout-flow\">\n<figure class=\"wp-block-image size-large\"><img loading=\"lazy\" decoding=\"async\" width=\"700\" height=\"525\" src=\"https:\/\/echta-derminga.de\/wp-content\/uploads\/2024\/02\/427637972_7134049730023024_4025670141991906987_n-700x525.jpg\" alt=\"\" class=\"wp-image-16707\" srcset=\"https:\/\/echta-derminga.de\/wp-content\/uploads\/2024\/02\/427637972_7134049730023024_4025670141991906987_n-700x525.jpg 700w, https:\/\/echta-derminga.de\/wp-content\/uploads\/2024\/02\/427637972_7134049730023024_4025670141991906987_n-300x225.jpg 300w, https:\/\/echta-derminga.de\/wp-content\/uploads\/2024\/02\/427637972_7134049730023024_4025670141991906987_n-768x576.jpg 768w, https:\/\/echta-derminga.de\/wp-content\/uploads\/2024\/02\/427637972_7134049730023024_4025670141991906987_n-1536x1152.jpg 1536w, https:\/\/echta-derminga.de\/wp-content\/uploads\/2024\/02\/427637972_7134049730023024_4025670141991906987_n.jpg 1600w\" sizes=\"auto, (max-width: 700px) 100vw, 700px\" \/><\/figure>\n<\/div>\n<\/div>\n\n\n\n<figure class=\"wp-block-gallery has-nested-images columns-3 is-cropped wp-block-gallery-1 is-layout-flex wp-block-gallery-is-layout-flex\">\n<figure class=\"wp-block-image size-large\"><a href=\"https:\/\/echta-derminga.de\/?attachment_id=193\"><img loading=\"lazy\" decoding=\"async\" width=\"700\" height=\"466\" data-id=\"193\" src=\"https:\/\/echta-derminga.de\/wp-content\/uploads\/2018\/01\/KKV-2.jpg\" alt=\"\" class=\"wp-image-193\" srcset=\"https:\/\/echta-derminga.de\/wp-content\/uploads\/2018\/01\/KKV-2.jpg 700w, https:\/\/echta-derminga.de\/wp-content\/uploads\/2018\/01\/KKV-2-300x200.jpg 300w, https:\/\/echta-derminga.de\/wp-content\/uploads\/2018\/01\/KKV-2-676x450.jpg 676w\" sizes=\"auto, (max-width: 700px) 100vw, 700px\" \/><\/a><\/figure>\n\n\n\n<figure class=\"wp-block-image size-large\"><a href=\"https:\/\/echta-derminga.de\/?attachment_id=194\"><img loading=\"lazy\" decoding=\"async\" width=\"700\" height=\"466\" data-id=\"194\" src=\"https:\/\/echta-derminga.de\/wp-content\/uploads\/2018\/01\/KVV3.jpg\" alt=\"\" class=\"wp-image-194\" srcset=\"https:\/\/echta-derminga.de\/wp-content\/uploads\/2018\/01\/KVV3.jpg 700w, https:\/\/echta-derminga.de\/wp-content\/uploads\/2018\/01\/KVV3-300x200.jpg 300w, https:\/\/echta-derminga.de\/wp-content\/uploads\/2018\/01\/KVV3-676x450.jpg 676w\" sizes=\"auto, (max-width: 700px) 100vw, 700px\" \/><\/a><\/figure>\n\n\n\n<figure class=\"wp-block-image size-large\"><a href=\"https:\/\/echta-derminga.de\/?attachment_id=195\"><img loading=\"lazy\" decoding=\"async\" width=\"700\" height=\"393\" data-id=\"195\" src=\"https:\/\/echta-derminga.de\/wp-content\/uploads\/2018\/01\/KKV-4.jpg\" alt=\"\" class=\"wp-image-195\" srcset=\"https:\/\/echta-derminga.de\/wp-content\/uploads\/2018\/01\/KKV-4.jpg 700w, https:\/\/echta-derminga.de\/wp-content\/uploads\/2018\/01\/KKV-4-300x168.jpg 300w, https:\/\/echta-derminga.de\/wp-content\/uploads\/2018\/01\/KKV-4-676x380.jpg 676w\" sizes=\"auto, (max-width: 700px) 100vw, 700px\" \/><\/a><\/figure>\n\n\n\n<figure class=\"wp-block-image size-large\"><a href=\"https:\/\/echta-derminga.de\/?attachment_id=196\"><img loading=\"lazy\" decoding=\"async\" width=\"700\" height=\"525\" data-id=\"196\" src=\"https:\/\/echta-derminga.de\/wp-content\/uploads\/2018\/01\/KKV-5.jpg\" alt=\"\" class=\"wp-image-196\" srcset=\"https:\/\/echta-derminga.de\/wp-content\/uploads\/2018\/01\/KKV-5.jpg 700w, https:\/\/echta-derminga.de\/wp-content\/uploads\/2018\/01\/KKV-5-300x225.jpg 300w, https:\/\/echta-derminga.de\/wp-content\/uploads\/2018\/01\/KKV-5-676x507.jpg 676w\" sizes=\"auto, (max-width: 700px) 100vw, 700px\" \/><\/a><\/figure>\n\n\n\n<figure class=\"wp-block-image size-large\"><a href=\"https:\/\/echta-derminga.de\/?attachment_id=197\"><img loading=\"lazy\" decoding=\"async\" width=\"700\" height=\"525\" data-id=\"197\" src=\"https:\/\/echta-derminga.de\/wp-content\/uploads\/2018\/01\/KKV-6-2.jpg\" alt=\"\" class=\"wp-image-197\" srcset=\"https:\/\/echta-derminga.de\/wp-content\/uploads\/2018\/01\/KKV-6-2.jpg 700w, https:\/\/echta-derminga.de\/wp-content\/uploads\/2018\/01\/KKV-6-2-300x225.jpg 300w, https:\/\/echta-derminga.de\/wp-content\/uploads\/2018\/01\/KKV-6-2-676x507.jpg 676w\" sizes=\"auto, (max-width: 700px) 100vw, 700px\" \/><\/a><\/figure>\n\n\n\n<figure class=\"wp-block-image size-large\"><a href=\"https:\/\/echta-derminga.de\/?attachment_id=198\"><img loading=\"lazy\" decoding=\"async\" width=\"700\" height=\"791\" data-id=\"198\" src=\"https:\/\/echta-derminga.de\/wp-content\/uploads\/2018\/01\/KKV-7.jpg\" alt=\"\" class=\"wp-image-198\" srcset=\"https:\/\/echta-derminga.de\/wp-content\/uploads\/2018\/01\/KKV-7.jpg 700w, https:\/\/echta-derminga.de\/wp-content\/uploads\/2018\/01\/KKV-7-265x300.jpg 265w, https:\/\/echta-derminga.de\/wp-content\/uploads\/2018\/01\/KKV-7-676x764.jpg 676w\" sizes=\"auto, (max-width: 700px) 100vw, 700px\" \/><\/a><\/figure>\n\n\n\n<figure class=\"wp-block-image size-large\"><a href=\"https:\/\/echta-derminga.de\/?attachment_id=434\"><img loading=\"lazy\" decoding=\"async\" width=\"637\" height=\"490\" data-id=\"434\" src=\"https:\/\/echta-derminga.de\/wp-content\/uploads\/2018\/02\/2-1.jpg\" alt=\"\" class=\"wp-image-434\" srcset=\"https:\/\/echta-derminga.de\/wp-content\/uploads\/2018\/02\/2-1.jpg 637w, https:\/\/echta-derminga.de\/wp-content\/uploads\/2018\/02\/2-1-300x231.jpg 300w\" sizes=\"auto, (max-width: 637px) 100vw, 637px\" \/><\/a><\/figure>\n\n\n\n<figure class=\"wp-block-image size-large\"><a href=\"https:\/\/echta-derminga.de\/?attachment_id=435\"><img loading=\"lazy\" decoding=\"async\" width=\"800\" height=\"600\" data-id=\"435\" src=\"https:\/\/echta-derminga.de\/wp-content\/uploads\/2018\/02\/IMG-20180210-WA0055.jpg\" alt=\"\" class=\"wp-image-435\" srcset=\"https:\/\/echta-derminga.de\/wp-content\/uploads\/2018\/02\/IMG-20180210-WA0055.jpg 800w, https:\/\/echta-derminga.de\/wp-content\/uploads\/2018\/02\/IMG-20180210-WA0055-300x225.jpg 300w, https:\/\/echta-derminga.de\/wp-content\/uploads\/2018\/02\/IMG-20180210-WA0055-768x576.jpg 768w, https:\/\/echta-derminga.de\/wp-content\/uploads\/2018\/02\/IMG-20180210-WA0055-676x507.jpg 676w\" sizes=\"auto, (max-width: 800px) 100vw, 800px\" \/><\/a><\/figure>\n\n\n\n<figure class=\"wp-block-image size-large\"><a href=\"https:\/\/echta-derminga.de\/?attachment_id=375\"><img loading=\"lazy\" decoding=\"async\" width=\"1024\" height=\"768\" data-id=\"375\" src=\"https:\/\/echta-derminga.de\/wp-content\/uploads\/2018\/01\/1-1-1024x768.jpg\" alt=\"\" class=\"wp-image-375\" srcset=\"https:\/\/echta-derminga.de\/wp-content\/uploads\/2018\/01\/1-1-1024x768.jpg 1024w, https:\/\/echta-derminga.de\/wp-content\/uploads\/2018\/01\/1-1-300x225.jpg 300w, https:\/\/echta-derminga.de\/wp-content\/uploads\/2018\/01\/1-1-768x576.jpg 768w, https:\/\/echta-derminga.de\/wp-content\/uploads\/2018\/01\/1-1-676x507.jpg 676w, https:\/\/echta-derminga.de\/wp-content\/uploads\/2018\/01\/1-1.jpg 1032w\" sizes=\"auto, (max-width: 1024px) 100vw, 1024px\" \/><\/a><\/figure>\n\n\n\n<figure class=\"wp-block-image size-large\"><a href=\"https:\/\/echta-derminga.de\/?attachment_id=1372\"><img loading=\"lazy\" decoding=\"async\" width=\"644\" height=\"483\" data-id=\"1372\" src=\"https:\/\/echta-derminga.de\/wp-content\/uploads\/2018\/05\/f1-644x483.jpg\" alt=\"\" class=\"wp-image-1372\" srcset=\"https:\/\/echta-derminga.de\/wp-content\/uploads\/2018\/05\/f1-644x483.jpg 644w, https:\/\/echta-derminga.de\/wp-content\/uploads\/2018\/05\/f1-300x225.jpg 300w, https:\/\/echta-derminga.de\/wp-content\/uploads\/2018\/05\/f1-768x576.jpg 768w, https:\/\/echta-derminga.de\/wp-content\/uploads\/2018\/05\/f1.jpg 800w\" sizes=\"auto, (max-width: 644px) 100vw, 644px\" \/><\/a><\/figure>\n\n\n\n<figure class=\"wp-block-image size-large\"><a href=\"https:\/\/echta-derminga.de\/?attachment_id=1373\"><img loading=\"lazy\" decoding=\"async\" width=\"644\" height=\"482\" data-id=\"1373\" src=\"https:\/\/echta-derminga.de\/wp-content\/uploads\/2018\/05\/f2-644x482.jpg\" alt=\"\" class=\"wp-image-1373\" srcset=\"https:\/\/echta-derminga.de\/wp-content\/uploads\/2018\/05\/f2-644x482.jpg 644w, https:\/\/echta-derminga.de\/wp-content\/uploads\/2018\/05\/f2-300x225.jpg 300w, https:\/\/echta-derminga.de\/wp-content\/uploads\/2018\/05\/f2-768x575.jpg 768w, https:\/\/echta-derminga.de\/wp-content\/uploads\/2018\/05\/f2.jpg 800w\" sizes=\"auto, (max-width: 644px) 100vw, 644px\" \/><\/a><\/figure>\n\n\n\n<figure class=\"wp-block-image size-large\"><a href=\"https:\/\/echta-derminga.de\/?attachment_id=1374\"><img loading=\"lazy\" decoding=\"async\" width=\"644\" height=\"427\" data-id=\"1374\" src=\"https:\/\/echta-derminga.de\/wp-content\/uploads\/2018\/05\/f3-644x427.jpg\" alt=\"\" class=\"wp-image-1374\" srcset=\"https:\/\/echta-derminga.de\/wp-content\/uploads\/2018\/05\/f3-644x427.jpg 644w, https:\/\/echta-derminga.de\/wp-content\/uploads\/2018\/05\/f3-300x199.jpg 300w, https:\/\/echta-derminga.de\/wp-content\/uploads\/2018\/05\/f3-768x509.jpg 768w, https:\/\/echta-derminga.de\/wp-content\/uploads\/2018\/05\/f3.jpg 800w\" sizes=\"auto, (max-width: 644px) 100vw, 644px\" \/><\/a><\/figure>\n\n\n\n<figure class=\"wp-block-image size-large\"><a href=\"https:\/\/echta-derminga.de\/?attachment_id=8720\"><img loading=\"lazy\" decoding=\"async\" width=\"700\" height=\"525\" data-id=\"8720\" src=\"https:\/\/echta-derminga.de\/wp-content\/uploads\/2021\/01\/17036089_1575550825792391_487100401_o-700x525.jpg\" alt=\"\" class=\"wp-image-8720\" srcset=\"https:\/\/echta-derminga.de\/wp-content\/uploads\/2021\/01\/17036089_1575550825792391_487100401_o-700x525.jpg 700w, https:\/\/echta-derminga.de\/wp-content\/uploads\/2021\/01\/17036089_1575550825792391_487100401_o-300x225.jpg 300w, https:\/\/echta-derminga.de\/wp-content\/uploads\/2021\/01\/17036089_1575550825792391_487100401_o-768x576.jpg 768w, https:\/\/echta-derminga.de\/wp-content\/uploads\/2021\/01\/17036089_1575550825792391_487100401_o.jpg 900w\" sizes=\"auto, (max-width: 700px) 100vw, 700px\" \/><\/a><\/figure>\n\n\n\n<figure class=\"wp-block-image size-large\"><a href=\"https:\/\/echta-derminga.de\/?attachment_id=8721\"><img loading=\"lazy\" decoding=\"async\" width=\"699\" height=\"441\" data-id=\"8721\" src=\"https:\/\/echta-derminga.de\/wp-content\/uploads\/2021\/01\/IMG-20190304-WA0001.jpg\" alt=\"\" class=\"wp-image-8721\" srcset=\"https:\/\/echta-derminga.de\/wp-content\/uploads\/2021\/01\/IMG-20190304-WA0001.jpg 699w, https:\/\/echta-derminga.de\/wp-content\/uploads\/2021\/01\/IMG-20190304-WA0001-300x189.jpg 300w\" sizes=\"auto, (max-width: 699px) 100vw, 699px\" \/><\/a><\/figure>\n\n\n\n<figure class=\"wp-block-image size-large\"><a href=\"https:\/\/echta-derminga.de\/?attachment_id=8723\"><img loading=\"lazy\" decoding=\"async\" width=\"700\" height=\"525\" data-id=\"8723\" src=\"https:\/\/echta-derminga.de\/wp-content\/uploads\/2021\/01\/IMG-20180213-WA0014-700x525.jpg\" alt=\"\" class=\"wp-image-8723\" srcset=\"https:\/\/echta-derminga.de\/wp-content\/uploads\/2021\/01\/IMG-20180213-WA0014-700x525.jpg 700w, https:\/\/echta-derminga.de\/wp-content\/uploads\/2021\/01\/IMG-20180213-WA0014-300x225.jpg 300w, https:\/\/echta-derminga.de\/wp-content\/uploads\/2021\/01\/IMG-20180213-WA0014-768x576.jpg 768w, https:\/\/echta-derminga.de\/wp-content\/uploads\/2021\/01\/IMG-20180213-WA0014.jpg 900w\" sizes=\"auto, (max-width: 700px) 100vw, 700px\" \/><\/a><\/figure>\n\n\n\n<figure class=\"wp-block-image size-large\"><a href=\"https:\/\/echta-derminga.de\/?attachment_id=9006\"><img loading=\"lazy\" decoding=\"async\" width=\"700\" height=\"565\" data-id=\"9006\" src=\"https:\/\/echta-derminga.de\/wp-content\/uploads\/2021\/02\/149184260_3705458096215555_6691777173479015088_o-700x565.jpg\" alt=\"\" class=\"wp-image-9006\" srcset=\"https:\/\/echta-derminga.de\/wp-content\/uploads\/2021\/02\/149184260_3705458096215555_6691777173479015088_o-700x565.jpg 700w, https:\/\/echta-derminga.de\/wp-content\/uploads\/2021\/02\/149184260_3705458096215555_6691777173479015088_o-300x242.jpg 300w, https:\/\/echta-derminga.de\/wp-content\/uploads\/2021\/02\/149184260_3705458096215555_6691777173479015088_o-768x620.jpg 768w, https:\/\/echta-derminga.de\/wp-content\/uploads\/2021\/02\/149184260_3705458096215555_6691777173479015088_o.jpg 900w\" sizes=\"auto, (max-width: 700px) 100vw, 700px\" \/><\/a><\/figure>\n\n\n\n<figure class=\"wp-block-image size-large\"><a href=\"https:\/\/echta-derminga.de\/?attachment_id=8841\"><img loading=\"lazy\" decoding=\"async\" width=\"700\" height=\"525\" data-id=\"8841\" src=\"https:\/\/echta-derminga.de\/wp-content\/uploads\/2021\/02\/IMG_20190302_150652_resized_20190304_041432680-700x525.jpg\" alt=\"\" class=\"wp-image-8841\" srcset=\"https:\/\/echta-derminga.de\/wp-content\/uploads\/2021\/02\/IMG_20190302_150652_resized_20190304_041432680-700x525.jpg 700w, https:\/\/echta-derminga.de\/wp-content\/uploads\/2021\/02\/IMG_20190302_150652_resized_20190304_041432680-300x225.jpg 300w, https:\/\/echta-derminga.de\/wp-content\/uploads\/2021\/02\/IMG_20190302_150652_resized_20190304_041432680-768x576.jpg 768w, https:\/\/echta-derminga.de\/wp-content\/uploads\/2021\/02\/IMG_20190302_150652_resized_20190304_041432680-1536x1152.jpg 1536w, https:\/\/echta-derminga.de\/wp-content\/uploads\/2021\/02\/IMG_20190302_150652_resized_20190304_041432680.jpg 1984w\" sizes=\"auto, (max-width: 700px) 100vw, 700px\" \/><\/a><\/figure>\n<\/figure>\n\n\n\n<p class=\"wp-block-paragraph\"><\/p>\n","protected":false},"excerpt":{"rendered":"<p>Bereits seit 2002 bin ich Mitglied in der Kolpingsfamilie Dirmingen und seiner Untergruppierung des KKV Dirmingen. Seit 2011 bin ich Mitglied im Elferrat des Kolping Karnevalsverein Dirmingen. Die n\u00e4rrische 5. Jahreszeit hat ihren eigenen Charme und wird in Dirmingen j\u00e4hrlich ausgiebig gefeiert. Bereits in den 1950ger Jahren gab es einen Rosenmontagszug in Dirmingen. Unmittelbar nach der Gr\u00fcndung der Dirminger Kolpingfamilie<\/p>\n","protected":false},"author":1,"featured_media":0,"parent":33,"menu_order":8,"comment_status":"closed","ping_status":"closed","template":"","meta":{"_crdt_document":"","footnotes":""},"class_list":["post-191","page","type-page","status-publish","hentry"],"_links":{"self":[{"href":"https:\/\/echta-derminga.de\/index.php?rest_route=\/wp\/v2\/pages\/191","targetHints":{"allow":["GET"]}}],"collection":[{"href":"https:\/\/echta-derminga.de\/index.php?rest_route=\/wp\/v2\/pages"}],"about":[{"href":"https:\/\/echta-derminga.de\/index.php?rest_route=\/wp\/v2\/types\/page"}],"author":[{"embeddable":true,"href":"https:\/\/echta-derminga.de\/index.php?rest_route=\/wp\/v2\/users\/1"}],"replies":[{"embeddable":true,"href":"https:\/\/echta-derminga.de\/index.php?rest_route=%2Fwp%2Fv2%2Fcomments&post=191"}],"version-history":[{"count":13,"href":"https:\/\/echta-derminga.de\/index.php?rest_route=\/wp\/v2\/pages\/191\/revisions"}],"predecessor-version":[{"id":16943,"href":"https:\/\/echta-derminga.de\/index.php?rest_route=\/wp\/v2\/pages\/191\/revisions\/16943"}],"up":[{"embeddable":true,"href":"https:\/\/echta-derminga.de\/index.php?rest_route=\/wp\/v2\/pages\/33"}],"wp:attachment":[{"href":"https:\/\/echta-derminga.de\/index.php?rest_route=%2Fwp%2Fv2%2Fmedia&parent=191"}],"curies":[{"name":"wp","href":"https:\/\/api.w.org\/{rel}","templated":true}]}}