{"id":200,"date":"2018-01-04T20:19:33","date_gmt":"2018-01-04T19:19:33","guid":{"rendered":"http:\/\/echta-derminga.de\/?page_id=200"},"modified":"2024-03-12T16:02:05","modified_gmt":"2024-03-12T15:02:05","slug":"meine-politik","status":"publish","type":"page","link":"https:\/\/echta-derminga.de\/?page_id=200","title":{"rendered":"Meine Politik"},"content":{"rendered":"<div class=\"wp-block-image wp-image-201 size-medium\">\n<figure class=\"alignleft\"><img loading=\"lazy\" decoding=\"async\" width=\"225\" height=\"300\" src=\"https:\/\/echta-derminga.de\/wp-content\/uploads\/2018\/01\/SPD-1-225x300.jpg\" alt=\"\" class=\"wp-image-201\" srcset=\"https:\/\/echta-derminga.de\/wp-content\/uploads\/2018\/01\/SPD-1-225x300.jpg 225w, https:\/\/echta-derminga.de\/wp-content\/uploads\/2018\/01\/SPD-1-676x900.jpg 676w, https:\/\/echta-derminga.de\/wp-content\/uploads\/2018\/01\/SPD-1.jpg 700w\" sizes=\"auto, (max-width: 225px) 100vw, 225px\" \/><figcaption class=\"wp-element-caption\">Im Willy Brandt Haus<\/figcaption><\/figure>\n<\/div>\n\n\n<p class=\"has-medium-font-size wp-block-paragraph\"><strong>Von 2006 bis 2020 war ich Vorsitzender des SPD Ortsvereins Dirmingen. Zugegebenerma\u00dfen geh\u00f6rte dieses Ehrenamt zu den schwierigsten und undankbarsten. Einer muss den Job ja machen. Als Kommunalpolitiker darfst du den Kontakt zur Basis nie verlieren. Bodenst\u00e4ndigkeit und B\u00fcrgern\u00e4he sind von gr\u00f6\u00dfter Bedeutung. Die Politik im allgemeinen verliert ohnehin fast st\u00fcndlich an Glaubw\u00fcrdigkeit. Wir leben in einer Zeit der Politikverdrossenheit. Schuld daran sind Machtbesessenheit und Geldgier. Wenn es der Politik nicht gelingt Vertrauen zur\u00fcck zu gewinnen werden die n\u00e4chsten Jahren nicht leichter.<\/strong><\/p>\n\n\n\n<p class=\"has-medium-font-size wp-block-paragraph\">Die Dirminger SPD bewegt sich innerhalb der Partei am linken Rand. Die Vorstandsarbeit basiert auf einem kameradschaftlichen und harmonischen Miteinander. Seit 2009 ist Manfred Klein Ortsvorsteher unseres Heimatortes. Seit dieser Zeit bin ich als Stellvertretender Ortsvorsteher mit einem Mandat im Ortsrat Dirmingen vertreten.<\/p>\n\n\n\n<p class=\"has-medium-font-size wp-block-paragraph\">In den letzten Jahren wurde, auch Dank der Dirminger SPD, einiges bewegt und in die Realit\u00e4t umgesetzt. Die jahrelange Schlammschlacht um eine neue kommunale Kindertagesst\u00e4tte in Dirmingen hat alle Beteiligte viel Kraft gekostet. Am Ende hat sich die Idee der Dirminger SPD durchgesetzt. Auch die Er\u00f6ffnung eines Jugendtreffs und die Sanierung des Bahnhofsparkplatzes geh\u00f6ren zu den Verdiensten der Dirminger Sozialdemokraten.<\/p>\n\n\n\n<p class=\"has-medium-font-size wp-block-paragraph\">Die Dirminger SPD versteht sich als politischer Verein von Dirmingern f\u00fcr Dirmingen. Ich pers\u00f6nlich vertrete die Meinung, dass wir zumindest im Dorf dem politischen Mitbewerber die Hand reichen und auf Zusammenarbeit setzen sollten. Um die vielen Probleme unseres Dorfes zu l\u00f6sen ben\u00f6tigen wir jede erdenkliche Unterst\u00fctzung. Letzlich geht es immer um die Menschen in unserem Dorf und nicht um irgendeine Partei.<\/p>\n\n\n\n<p class=\"has-medium-font-size wp-block-paragraph\"><strong>Ich bin seit 1995 Mitglied in der SPD und m\u00f6chte die M\u00f6glichkeiten einer Parteizugeh\u00f6rigkeit nutzen um meinem Dorf Vorteile zu verschaffen. Ich mache das was ich tue ausschlie\u00dflich f\u00fcr mein Heimatdorf und nicht f\u00fcr eine Partei. Jedoch kann nur derjenige etwas bewegen der ein Mandat besitzt oder einer Partei angeh\u00f6rt. In unserem gesellschaftliches Leben spielt Politik eine gewichtige Rolle. Wir brauchen mehr Miteinander und weniger Gegeneinander.<\/strong><\/p>\n\n\n\n<div class=\"wp-block-columns is-layout-flex wp-container-core-columns-is-layout-8f761849 wp-block-columns-is-layout-flex\">\n<div class=\"wp-block-column is-layout-flow wp-block-column-is-layout-flow\">\n<figure class=\"wp-block-image size-large\"><img loading=\"lazy\" decoding=\"async\" width=\"700\" height=\"611\" src=\"https:\/\/echta-derminga.de\/wp-content\/uploads\/2022\/08\/10-700x611.jpg\" alt=\"\" class=\"wp-image-13492\" srcset=\"https:\/\/echta-derminga.de\/wp-content\/uploads\/2022\/08\/10-700x611.jpg 700w, https:\/\/echta-derminga.de\/wp-content\/uploads\/2022\/08\/10-300x262.jpg 300w, https:\/\/echta-derminga.de\/wp-content\/uploads\/2022\/08\/10-768x670.jpg 768w, https:\/\/echta-derminga.de\/wp-content\/uploads\/2022\/08\/10.jpg 1000w\" sizes=\"auto, (max-width: 700px) 100vw, 700px\" \/><\/figure>\n<\/div>\n\n\n\n<div class=\"wp-block-column is-layout-flow wp-block-column-is-layout-flow\">\n<figure class=\"wp-block-image size-large\"><img loading=\"lazy\" decoding=\"async\" width=\"700\" height=\"635\" src=\"https:\/\/echta-derminga.de\/wp-content\/uploads\/2022\/08\/77-700x635.jpg\" alt=\"\" class=\"wp-image-13489\" srcset=\"https:\/\/echta-derminga.de\/wp-content\/uploads\/2022\/08\/77-700x635.jpg 700w, https:\/\/echta-derminga.de\/wp-content\/uploads\/2022\/08\/77-300x272.jpg 300w, https:\/\/echta-derminga.de\/wp-content\/uploads\/2022\/08\/77-768x697.jpg 768w, https:\/\/echta-derminga.de\/wp-content\/uploads\/2022\/08\/77.jpg 1000w\" sizes=\"auto, (max-width: 700px) 100vw, 700px\" \/><\/figure>\n<\/div>\n\n\n\n<div class=\"wp-block-column is-layout-flow wp-block-column-is-layout-flow\">\n<figure class=\"wp-block-image size-large\"><img loading=\"lazy\" decoding=\"async\" width=\"700\" height=\"564\" src=\"https:\/\/echta-derminga.de\/wp-content\/uploads\/2022\/08\/22222-700x564.jpg\" alt=\"\" class=\"wp-image-13516\" srcset=\"https:\/\/echta-derminga.de\/wp-content\/uploads\/2022\/08\/22222-700x564.jpg 700w, https:\/\/echta-derminga.de\/wp-content\/uploads\/2022\/08\/22222-300x242.jpg 300w, https:\/\/echta-derminga.de\/wp-content\/uploads\/2022\/08\/22222-768x618.jpg 768w, https:\/\/echta-derminga.de\/wp-content\/uploads\/2022\/08\/22222.jpg 1500w\" sizes=\"auto, (max-width: 700px) 100vw, 700px\" \/><\/figure>\n<\/div>\n<\/div>\n\n\n\n<figure class=\"wp-block-gallery has-nested-images columns-3 is-cropped wp-block-gallery-1 is-layout-flex wp-block-gallery-is-layout-flex\">\n<figure class=\"wp-block-image size-large\"><a href=\"https:\/\/echta-derminga.de\/?attachment_id=202\"><img loading=\"lazy\" decoding=\"async\" width=\"800\" height=\"600\" data-id=\"202\" src=\"https:\/\/echta-derminga.de\/wp-content\/uploads\/2018\/01\/SPD-2.jpg\" alt=\"\" class=\"wp-image-202\" srcset=\"https:\/\/echta-derminga.de\/wp-content\/uploads\/2018\/01\/SPD-2.jpg 800w, https:\/\/echta-derminga.de\/wp-content\/uploads\/2018\/01\/SPD-2-300x225.jpg 300w, https:\/\/echta-derminga.de\/wp-content\/uploads\/2018\/01\/SPD-2-768x576.jpg 768w, https:\/\/echta-derminga.de\/wp-content\/uploads\/2018\/01\/SPD-2-676x507.jpg 676w\" sizes=\"auto, (max-width: 800px) 100vw, 800px\" \/><\/a><\/figure>\n\n\n\n<figure class=\"wp-block-image size-large\"><a href=\"https:\/\/echta-derminga.de\/?attachment_id=203\"><img loading=\"lazy\" decoding=\"async\" width=\"1024\" height=\"768\" data-id=\"203\" src=\"https:\/\/echta-derminga.de\/wp-content\/uploads\/2018\/01\/SPD-3-1024x768.jpg\" alt=\"\" class=\"wp-image-203\" srcset=\"https:\/\/echta-derminga.de\/wp-content\/uploads\/2018\/01\/SPD-3.jpg 1024w, https:\/\/echta-derminga.de\/wp-content\/uploads\/2018\/01\/SPD-3-300x225.jpg 300w, https:\/\/echta-derminga.de\/wp-content\/uploads\/2018\/01\/SPD-3-768x576.jpg 768w, https:\/\/echta-derminga.de\/wp-content\/uploads\/2018\/01\/SPD-3-676x507.jpg 676w\" sizes=\"auto, (max-width: 1024px) 100vw, 1024px\" \/><\/a><\/figure>\n\n\n\n<figure class=\"wp-block-image size-large\"><a href=\"https:\/\/echta-derminga.de\/?attachment_id=204\"><img loading=\"lazy\" decoding=\"async\" width=\"800\" height=\"600\" data-id=\"204\" src=\"https:\/\/echta-derminga.de\/wp-content\/uploads\/2018\/01\/SPD-4-2.jpg\" alt=\"\" class=\"wp-image-204\" srcset=\"https:\/\/echta-derminga.de\/wp-content\/uploads\/2018\/01\/SPD-4-2.jpg 800w, https:\/\/echta-derminga.de\/wp-content\/uploads\/2018\/01\/SPD-4-2-300x225.jpg 300w, https:\/\/echta-derminga.de\/wp-content\/uploads\/2018\/01\/SPD-4-2-768x576.jpg 768w, https:\/\/echta-derminga.de\/wp-content\/uploads\/2018\/01\/SPD-4-2-676x507.jpg 676w\" sizes=\"auto, (max-width: 800px) 100vw, 800px\" \/><\/a><\/figure>\n\n\n\n<figure class=\"wp-block-image size-large\"><a href=\"https:\/\/echta-derminga.de\/?attachment_id=205\"><img loading=\"lazy\" decoding=\"async\" width=\"800\" height=\"533\" data-id=\"205\" src=\"https:\/\/echta-derminga.de\/wp-content\/uploads\/2018\/01\/SPD-5.jpg\" alt=\"\" class=\"wp-image-205\" srcset=\"https:\/\/echta-derminga.de\/wp-content\/uploads\/2018\/01\/SPD-5.jpg 800w, https:\/\/echta-derminga.de\/wp-content\/uploads\/2018\/01\/SPD-5-300x200.jpg 300w, https:\/\/echta-derminga.de\/wp-content\/uploads\/2018\/01\/SPD-5-768x512.jpg 768w, https:\/\/echta-derminga.de\/wp-content\/uploads\/2018\/01\/SPD-5-676x450.jpg 676w\" sizes=\"auto, (max-width: 800px) 100vw, 800px\" \/><\/a><\/figure>\n\n\n\n<figure class=\"wp-block-image size-large\"><a href=\"https:\/\/echta-derminga.de\/?attachment_id=206\"><img loading=\"lazy\" decoding=\"async\" width=\"720\" height=\"480\" data-id=\"206\" src=\"https:\/\/echta-derminga.de\/wp-content\/uploads\/2018\/01\/SPD-6.jpg\" alt=\"\" class=\"wp-image-206\" srcset=\"https:\/\/echta-derminga.de\/wp-content\/uploads\/2018\/01\/SPD-6.jpg 720w, https:\/\/echta-derminga.de\/wp-content\/uploads\/2018\/01\/SPD-6-300x200.jpg 300w, https:\/\/echta-derminga.de\/wp-content\/uploads\/2018\/01\/SPD-6-676x451.jpg 676w\" sizes=\"auto, (max-width: 720px) 100vw, 720px\" \/><\/a><\/figure>\n\n\n\n<figure class=\"wp-block-image size-large\"><a href=\"https:\/\/echta-derminga.de\/?attachment_id=207\"><img loading=\"lazy\" decoding=\"async\" width=\"800\" height=\"600\" data-id=\"207\" src=\"https:\/\/echta-derminga.de\/wp-content\/uploads\/2018\/01\/SPD-7.jpg\" alt=\"\" class=\"wp-image-207\" srcset=\"https:\/\/echta-derminga.de\/wp-content\/uploads\/2018\/01\/SPD-7.jpg 800w, https:\/\/echta-derminga.de\/wp-content\/uploads\/2018\/01\/SPD-7-300x225.jpg 300w, https:\/\/echta-derminga.de\/wp-content\/uploads\/2018\/01\/SPD-7-768x576.jpg 768w, https:\/\/echta-derminga.de\/wp-content\/uploads\/2018\/01\/SPD-7-676x507.jpg 676w\" sizes=\"auto, (max-width: 800px) 100vw, 800px\" \/><\/a><\/figure>\n\n\n\n<figure class=\"wp-block-image size-large\"><a href=\"https:\/\/echta-derminga.de\/?attachment_id=208\"><img loading=\"lazy\" decoding=\"async\" width=\"800\" height=\"600\" data-id=\"208\" src=\"https:\/\/echta-derminga.de\/wp-content\/uploads\/2018\/01\/SPD-8.jpg\" alt=\"\" class=\"wp-image-208\" srcset=\"https:\/\/echta-derminga.de\/wp-content\/uploads\/2018\/01\/SPD-8.jpg 800w, https:\/\/echta-derminga.de\/wp-content\/uploads\/2018\/01\/SPD-8-300x225.jpg 300w, https:\/\/echta-derminga.de\/wp-content\/uploads\/2018\/01\/SPD-8-768x576.jpg 768w, https:\/\/echta-derminga.de\/wp-content\/uploads\/2018\/01\/SPD-8-676x507.jpg 676w\" sizes=\"auto, (max-width: 800px) 100vw, 800px\" \/><\/a><\/figure>\n\n\n\n<figure class=\"wp-block-image size-large\"><a href=\"https:\/\/echta-derminga.de\/?attachment_id=209\"><img loading=\"lazy\" decoding=\"async\" width=\"800\" height=\"450\" data-id=\"209\" src=\"https:\/\/echta-derminga.de\/wp-content\/uploads\/2018\/01\/SPD-9.jpg\" alt=\"\" class=\"wp-image-209\" srcset=\"https:\/\/echta-derminga.de\/wp-content\/uploads\/2018\/01\/SPD-9.jpg 800w, https:\/\/echta-derminga.de\/wp-content\/uploads\/2018\/01\/SPD-9-300x169.jpg 300w, https:\/\/echta-derminga.de\/wp-content\/uploads\/2018\/01\/SPD-9-768x432.jpg 768w, https:\/\/echta-derminga.de\/wp-content\/uploads\/2018\/01\/SPD-9-676x380.jpg 676w\" sizes=\"auto, (max-width: 800px) 100vw, 800px\" \/><\/a><\/figure>\n\n\n\n<figure class=\"wp-block-image size-large\"><a href=\"https:\/\/echta-derminga.de\/?attachment_id=210\"><img loading=\"lazy\" decoding=\"async\" width=\"800\" height=\"533\" data-id=\"210\" src=\"https:\/\/echta-derminga.de\/wp-content\/uploads\/2018\/01\/SPD-10.jpg\" alt=\"\" class=\"wp-image-210\" srcset=\"https:\/\/echta-derminga.de\/wp-content\/uploads\/2018\/01\/SPD-10.jpg 800w, https:\/\/echta-derminga.de\/wp-content\/uploads\/2018\/01\/SPD-10-300x200.jpg 300w, https:\/\/echta-derminga.de\/wp-content\/uploads\/2018\/01\/SPD-10-768x512.jpg 768w, https:\/\/echta-derminga.de\/wp-content\/uploads\/2018\/01\/SPD-10-676x450.jpg 676w\" sizes=\"auto, (max-width: 800px) 100vw, 800px\" \/><\/a><\/figure>\n\n\n\n<figure class=\"wp-block-image size-large\"><a href=\"https:\/\/echta-derminga.de\/?attachment_id=1380\"><img loading=\"lazy\" decoding=\"async\" width=\"644\" height=\"483\" data-id=\"1380\" src=\"https:\/\/echta-derminga.de\/wp-content\/uploads\/2018\/05\/20170807_161551-644x483.jpg\" alt=\"\" class=\"wp-image-1380\" srcset=\"https:\/\/echta-derminga.de\/wp-content\/uploads\/2018\/05\/20170807_161551-644x483.jpg 644w, https:\/\/echta-derminga.de\/wp-content\/uploads\/2018\/05\/20170807_161551-300x225.jpg 300w, https:\/\/echta-derminga.de\/wp-content\/uploads\/2018\/05\/20170807_161551-768x576.jpg 768w, https:\/\/echta-derminga.de\/wp-content\/uploads\/2018\/05\/20170807_161551.jpg 800w\" sizes=\"auto, (max-width: 644px) 100vw, 644px\" \/><\/a><\/figure>\n\n\n\n<figure class=\"wp-block-image size-large\"><a href=\"https:\/\/echta-derminga.de\/?attachment_id=1382\"><img loading=\"lazy\" decoding=\"async\" width=\"644\" height=\"483\" data-id=\"1382\" src=\"https:\/\/echta-derminga.de\/wp-content\/uploads\/2018\/05\/20170808_182044-644x483.jpg\" alt=\"\" class=\"wp-image-1382\" srcset=\"https:\/\/echta-derminga.de\/wp-content\/uploads\/2018\/05\/20170808_182044-644x483.jpg 644w, https:\/\/echta-derminga.de\/wp-content\/uploads\/2018\/05\/20170808_182044-300x225.jpg 300w, https:\/\/echta-derminga.de\/wp-content\/uploads\/2018\/05\/20170808_182044-768x576.jpg 768w, https:\/\/echta-derminga.de\/wp-content\/uploads\/2018\/05\/20170808_182044.jpg 800w\" sizes=\"auto, (max-width: 644px) 100vw, 644px\" \/><\/a><\/figure>\n\n\n\n<figure class=\"wp-block-image size-large\"><a href=\"https:\/\/echta-derminga.de\/?attachment_id=10085\"><img loading=\"lazy\" decoding=\"async\" width=\"700\" height=\"640\" data-id=\"10085\" src=\"https:\/\/echta-derminga.de\/wp-content\/uploads\/2021\/07\/212204819_4112648872163140_9117016987438543121_n-700x640.jpg\" alt=\"\" class=\"wp-image-10085\" srcset=\"https:\/\/echta-derminga.de\/wp-content\/uploads\/2021\/07\/212204819_4112648872163140_9117016987438543121_n-700x640.jpg 700w, https:\/\/echta-derminga.de\/wp-content\/uploads\/2021\/07\/212204819_4112648872163140_9117016987438543121_n-300x274.jpg 300w, https:\/\/echta-derminga.de\/wp-content\/uploads\/2021\/07\/212204819_4112648872163140_9117016987438543121_n.jpg 758w\" sizes=\"auto, (max-width: 700px) 100vw, 700px\" \/><\/a><\/figure>\n\n\n\n<figure class=\"wp-block-image size-large\"><a href=\"https:\/\/echta-derminga.de\/?attachment_id=9494\"><img loading=\"lazy\" decoding=\"async\" width=\"700\" height=\"745\" data-id=\"9494\" src=\"https:\/\/echta-derminga.de\/wp-content\/uploads\/2021\/04\/16_Schild-Dirmingen-700x745.jpg\" alt=\"\" class=\"wp-image-9494\" srcset=\"https:\/\/echta-derminga.de\/wp-content\/uploads\/2021\/04\/16_Schild-Dirmingen-700x745.jpg 700w, https:\/\/echta-derminga.de\/wp-content\/uploads\/2021\/04\/16_Schild-Dirmingen-282x300.jpg 282w, https:\/\/echta-derminga.de\/wp-content\/uploads\/2021\/04\/16_Schild-Dirmingen-768x817.jpg 768w, https:\/\/echta-derminga.de\/wp-content\/uploads\/2021\/04\/16_Schild-Dirmingen-1443x1536.jpg 1443w, https:\/\/echta-derminga.de\/wp-content\/uploads\/2021\/04\/16_Schild-Dirmingen-1924x2048.jpg 1924w\" sizes=\"auto, (max-width: 700px) 100vw, 700px\" \/><\/a><\/figure>\n\n\n\n<figure class=\"wp-block-image size-large\"><a href=\"https:\/\/echta-derminga.de\/?attachment_id=8734\"><img loading=\"lazy\" decoding=\"async\" width=\"700\" height=\"654\" data-id=\"8734\" src=\"https:\/\/echta-derminga.de\/wp-content\/uploads\/2021\/01\/Masken-700x654.jpg\" alt=\"\" class=\"wp-image-8734\" srcset=\"https:\/\/echta-derminga.de\/wp-content\/uploads\/2021\/01\/Masken-700x654.jpg 700w, https:\/\/echta-derminga.de\/wp-content\/uploads\/2021\/01\/Masken-300x280.jpg 300w, https:\/\/echta-derminga.de\/wp-content\/uploads\/2021\/01\/Masken-768x717.jpg 768w, https:\/\/echta-derminga.de\/wp-content\/uploads\/2021\/01\/Masken.jpg 1000w\" sizes=\"auto, (max-width: 700px) 100vw, 700px\" \/><\/a><\/figure>\n\n\n\n<figure class=\"wp-block-image size-large\"><a href=\"https:\/\/echta-derminga.de\/?attachment_id=7180\"><img loading=\"lazy\" decoding=\"async\" width=\"700\" height=\"795\" data-id=\"7180\" src=\"https:\/\/echta-derminga.de\/wp-content\/uploads\/2020\/08\/1-2.jpg\" alt=\"\" class=\"wp-image-7180\" srcset=\"https:\/\/echta-derminga.de\/wp-content\/uploads\/2020\/08\/1-2.jpg 700w, https:\/\/echta-derminga.de\/wp-content\/uploads\/2020\/08\/1-2-264x300.jpg 264w\" sizes=\"auto, (max-width: 700px) 100vw, 700px\" \/><\/a><\/figure>\n\n\n\n<figure class=\"wp-block-image size-large\"><a href=\"https:\/\/echta-derminga.de\/?attachment_id=7178\"><img loading=\"lazy\" decoding=\"async\" width=\"700\" height=\"403\" data-id=\"7178\" src=\"https:\/\/echta-derminga.de\/wp-content\/uploads\/2020\/08\/5-2-700x403.jpg\" alt=\"\" class=\"wp-image-7178\" srcset=\"https:\/\/echta-derminga.de\/wp-content\/uploads\/2020\/08\/5-2-700x403.jpg 700w, https:\/\/echta-derminga.de\/wp-content\/uploads\/2020\/08\/5-2-300x173.jpg 300w, https:\/\/echta-derminga.de\/wp-content\/uploads\/2020\/08\/5-2-768x443.jpg 768w, https:\/\/echta-derminga.de\/wp-content\/uploads\/2020\/08\/5-2.jpg 800w\" sizes=\"auto, (max-width: 700px) 100vw, 700px\" \/><\/a><\/figure>\n\n\n\n<figure class=\"wp-block-image size-large\"><a href=\"https:\/\/echta-derminga.de\/?attachment_id=11293\"><img loading=\"lazy\" decoding=\"async\" width=\"700\" height=\"525\" data-id=\"11293\" src=\"https:\/\/echta-derminga.de\/wp-content\/uploads\/2021\/11\/17492386_1291354454292610_2170784670087814720_o-700x525.jpg\" alt=\"\" class=\"wp-image-11293\" srcset=\"https:\/\/echta-derminga.de\/wp-content\/uploads\/2021\/11\/17492386_1291354454292610_2170784670087814720_o-700x525.jpg 700w, https:\/\/echta-derminga.de\/wp-content\/uploads\/2021\/11\/17492386_1291354454292610_2170784670087814720_o-300x225.jpg 300w, https:\/\/echta-derminga.de\/wp-content\/uploads\/2021\/11\/17492386_1291354454292610_2170784670087814720_o-768x576.jpg 768w, https:\/\/echta-derminga.de\/wp-content\/uploads\/2021\/11\/17492386_1291354454292610_2170784670087814720_o.jpg 1024w\" sizes=\"auto, (max-width: 700px) 100vw, 700px\" \/><\/a><\/figure>\n\n\n\n<figure class=\"wp-block-image size-large\"><a href=\"https:\/\/echta-derminga.de\/?attachment_id=11294\"><img loading=\"lazy\" decoding=\"async\" width=\"700\" height=\"551\" data-id=\"11294\" src=\"https:\/\/echta-derminga.de\/wp-content\/uploads\/2021\/11\/s1-700x551.jpg\" alt=\"\" class=\"wp-image-11294\" srcset=\"https:\/\/echta-derminga.de\/wp-content\/uploads\/2021\/11\/s1-700x551.jpg 700w, https:\/\/echta-derminga.de\/wp-content\/uploads\/2021\/11\/s1-300x236.jpg 300w, https:\/\/echta-derminga.de\/wp-content\/uploads\/2021\/11\/s1-768x604.jpg 768w, https:\/\/echta-derminga.de\/wp-content\/uploads\/2021\/11\/s1.jpg 900w\" sizes=\"auto, (max-width: 700px) 100vw, 700px\" \/><\/a><\/figure>\n\n\n\n<figure class=\"wp-block-image size-large\"><a href=\"https:\/\/echta-derminga.de\/?attachment_id=11295\"><img loading=\"lazy\" decoding=\"async\" width=\"700\" height=\"331\" data-id=\"11295\" src=\"https:\/\/echta-derminga.de\/wp-content\/uploads\/2021\/11\/s2-700x331.jpg\" alt=\"\" class=\"wp-image-11295\" srcset=\"https:\/\/echta-derminga.de\/wp-content\/uploads\/2021\/11\/s2-700x331.jpg 700w, https:\/\/echta-derminga.de\/wp-content\/uploads\/2021\/11\/s2-300x142.jpg 300w, https:\/\/echta-derminga.de\/wp-content\/uploads\/2021\/11\/s2-768x363.jpg 768w, https:\/\/echta-derminga.de\/wp-content\/uploads\/2021\/11\/s2.jpg 900w\" sizes=\"auto, (max-width: 700px) 100vw, 700px\" \/><\/a><\/figure>\n<\/figure>\n","protected":false},"excerpt":{"rendered":"<p>Von 2006 bis 2020 war ich Vorsitzender des SPD Ortsvereins Dirmingen. Zugegebenerma\u00dfen geh\u00f6rte dieses Ehrenamt zu den schwierigsten und undankbarsten. Einer muss den Job ja machen. Als Kommunalpolitiker darfst du den Kontakt zur Basis nie verlieren. Bodenst\u00e4ndigkeit und B\u00fcrgern\u00e4he sind von gr\u00f6\u00dfter Bedeutung. Die Politik im allgemeinen verliert ohnehin fast st\u00fcndlich an Glaubw\u00fcrdigkeit. Wir leben in einer Zeit der Politikverdrossenheit.<\/p>\n","protected":false},"author":1,"featured_media":0,"parent":33,"menu_order":8,"comment_status":"closed","ping_status":"closed","template":"","meta":{"_crdt_document":"","footnotes":""},"class_list":["post-200","page","type-page","status-publish","hentry"],"_links":{"self":[{"href":"https:\/\/echta-derminga.de\/index.php?rest_route=\/wp\/v2\/pages\/200","targetHints":{"allow":["GET"]}}],"collection":[{"href":"https:\/\/echta-derminga.de\/index.php?rest_route=\/wp\/v2\/pages"}],"about":[{"href":"https:\/\/echta-derminga.de\/index.php?rest_route=\/wp\/v2\/types\/page"}],"author":[{"embeddable":true,"href":"https:\/\/echta-derminga.de\/index.php?rest_route=\/wp\/v2\/users\/1"}],"replies":[{"embeddable":true,"href":"https:\/\/echta-derminga.de\/index.php?rest_route=%2Fwp%2Fv2%2Fcomments&post=200"}],"version-history":[{"count":10,"href":"https:\/\/echta-derminga.de\/index.php?rest_route=\/wp\/v2\/pages\/200\/revisions"}],"predecessor-version":[{"id":16951,"href":"https:\/\/echta-derminga.de\/index.php?rest_route=\/wp\/v2\/pages\/200\/revisions\/16951"}],"up":[{"embeddable":true,"href":"https:\/\/echta-derminga.de\/index.php?rest_route=\/wp\/v2\/pages\/33"}],"wp:attachment":[{"href":"https:\/\/echta-derminga.de\/index.php?rest_route=%2Fwp%2Fv2%2Fmedia&parent=200"}],"curies":[{"name":"wp","href":"https:\/\/api.w.org\/{rel}","templated":true}]}}