{"id":792,"date":"2018-03-18T15:33:53","date_gmt":"2018-03-18T14:33:53","guid":{"rendered":"http:\/\/echta-derminga.de\/?page_id=792"},"modified":"2024-08-14T13:05:23","modified_gmt":"2024-08-14T12:05:23","slug":"meine-leute","status":"publish","type":"page","link":"https:\/\/echta-derminga.de\/?page_id=792","title":{"rendered":"Meine Leute"},"content":{"rendered":"\n<p class=\"wp-block-paragraph\" style=\"font-size:18px\"><strong>Heimat ist f\u00fcr mich der Ort, wo die Menschen sind, bei denen ich mich zu Hause f\u00fchle. Wenn ich an meine Leute Zuhause denke werden Kindheitserinnerungen lebendig. Meine Familie und meine Freunde befinden sich an dem Ort, in dem ich geboren und aufgewachsen bin. Wenn ich an meine Leute denke habe ich ein gutes Gef\u00fchl. Zuhause ist dort, wo ich mich angenommen und geborgen f\u00fchle.&nbsp;<\/strong><\/p>\n\n\n<div class=\"wp-block-image wp-image-795 size-medium\">\n<figure class=\"alignleft\"><img loading=\"lazy\" decoding=\"async\" width=\"300\" height=\"200\" src=\"https:\/\/echta-derminga.de\/wp-content\/uploads\/2018\/03\/20180310_222354-300x200.jpg\" alt=\"\" class=\"wp-image-795\" srcset=\"https:\/\/echta-derminga.de\/wp-content\/uploads\/2018\/03\/20180310_222354-300x200.jpg 300w, https:\/\/echta-derminga.de\/wp-content\/uploads\/2018\/03\/20180310_222354-644x430.jpg 644w, https:\/\/echta-derminga.de\/wp-content\/uploads\/2018\/03\/20180310_222354.jpg 661w\" sizes=\"auto, (max-width: 300px) 100vw, 300px\" \/><figcaption class=\"wp-element-caption\">Gemalt von Tristan<\/figcaption><\/figure>\n<\/div>\n\n\n<p class=\"wp-block-paragraph\" style=\"font-size:18px\">Jeder kennt doch diesen Satz: \u201eDas Essen ist fertig, kommt ihr bitte!\u201c Dieser Satz f\u00e4llt bei uns zuhause nur noch selten. In einer Patch-Work Family ist das ohnehin recht schwierig und den Rest erledigt der Zeitgeist. Meine Frau und ich sind schon froh, wenn es uns gelingt am Wochenende gemeinsam mit unserem j\u00fcngsten Sohn zu Essen. Die \u00c4ltesten sind l\u00e4ngst au\u00dfer Haus oder nehmen ihre Speisen nach Belieben. Jeder isst wann er gerade Lust hat, beziehungsweise wann er nach Hause kommt. Dabei geh\u00f6rt laut einer wissenschaftlichen Studie das gemeinschaftliche Essen fest zum Familienleben. Die Zeiten \u00e4ndern sich und aus meiner Sicht geh\u00f6rt das gemeinsame Essen nicht mehr unbedingt zum Familiengl\u00fcck.<\/p>\n\n\n\n<p class=\"wp-block-paragraph\" style=\"font-size:18px\"><strong>Meine Frau Melanie ist der Kopf der Familie. Wenn Sie ausf\u00e4llt geht nix mehr! Alles steht und f\u00e4llt mit der Organisationsleiterin unserer Familie. Meiner Frau machst du nix vor. Sie kennt jede Schw\u00e4che und jede St\u00e4rke der einzelnen Familienmitglieder und wei\u00df alles meistens schon im Voraus. Sie geht ihrem Beruf nach, macht die W\u00e4sche und regelt den Haushalt. Manchmal frage ich mich wie Sie das macht. An manchen Tagen sehen wir uns nicht lange. Der Tag ist oft zu kurz und die Zeit vergeht rasend schnell. Meine zahlreichen Ehren\u00e4mter k\u00f6nnte ich ohne meine Frau nicht machen. Ich glaube das \u00e4lteste Kind im Haus bin ich selbst.<\/strong><\/p>\n\n\n\n<p class=\"wp-block-paragraph\" style=\"font-size:18px\">Unser Haus ist nach dem Auszug des \u00e4ltesten Sohnes meiner Frau etwas ruhiger geworden. Auch meine T\u00f6chter kommen l\u00e4ngst nicht mehr jeden Tag vorbei um sich nach meinem befinden zu erkundigen. Unsere Kinder stehen mitten im Leben und haben ihre eigenen Interessen.<\/p>\n\n\n<div class=\"wp-block-image wp-image-794 size-medium\">\n<figure class=\"alignleft\"><img loading=\"lazy\" decoding=\"async\" width=\"300\" height=\"288\" src=\"https:\/\/echta-derminga.de\/wp-content\/uploads\/2018\/03\/nessi-2-300x288.jpg\" alt=\"\" class=\"wp-image-794\" srcset=\"https:\/\/echta-derminga.de\/wp-content\/uploads\/2018\/03\/nessi-2-300x288.jpg 300w, https:\/\/echta-derminga.de\/wp-content\/uploads\/2018\/03\/nessi-2-768x737.jpg 768w, https:\/\/echta-derminga.de\/wp-content\/uploads\/2018\/03\/nessi-2-644x618.jpg 644w, https:\/\/echta-derminga.de\/wp-content\/uploads\/2018\/03\/nessi-2.jpg 800w\" sizes=\"auto, (max-width: 300px) 100vw, 300px\" \/><figcaption class=\"wp-element-caption\">Vanessa gemalt von Annika<\/figcaption><\/figure>\n<\/div>\n\n\n<p class=\"wp-block-paragraph\" style=\"font-size:19px\">Der \u00e4lteste Sohn meiner Frau aus erster Ehe hat mittlerweile seine eigene Wohnung und geht seinem Beruf nach. Er wird seinen Weg gehen und seine Spuren hinterlassen. Manchmal ist er wie ein Buch mit sieben Siegeln. Jedoch verbirgt sich hinter der rauen Schale ein weicher Kern.<\/p>\n\n\n\n<p class=\"wp-block-paragraph\" style=\"font-size:19px\">Der mittlere Sohn meiner Frau aus erster Ehe wohnt noch bei uns Zuhause. Er hat feste Vorstellungen von seiner Zukunft und versorgt sich praktisch selbst. Auch er wird seinen Weg machen und irgendwann auf eigenen Beinen stehen. Er geh\u00f6rt nicht gerade zu den spontanen Menschen und \u00fcberlegt sich seine Entscheidungen reiflich.<\/p>\n\n\n\n<p class=\"wp-block-paragraph\" style=\"font-size:19px\">Ich habe diese beiden Jungs aufwachsen sehen und habe viel Zeit mit ihnen verbracht. Nein es sind nicht meine leiblichen Kinder, aber spielt das eine Rolle?<\/p>\n\n\n\n<p class=\"wp-block-paragraph\" style=\"font-size:18px\"><strong>Meine \u00e4lteste Tochter Annika ist das personifizierte Chaos. Sie steht mitten im Leben und ist ein echtes Energieb\u00fcndel. Sie ist wundervoll, hat ein gro\u00dfes Herz und einige wunderbare Talente. Seit April 2022 ist Sie stolze Mutter eines Sohnes. Gemeinsam mit ihrem Mann bastelt Sie sich ihrer eigenen Zukunft. Sie hat viele verborgene Talente, malt wundersch\u00f6n und singt wie ein Engel. Ich wei\u00df, dass Sie ihr Leben auf ihre ur-eigene Art und Weise meistern wird. Annika ist ein echter Dickkopf und entwickelt, wenn es darauf ankommt, einen enormen Kampfgeist.<\/strong><\/p>\n\n\n\n<p class=\"wp-block-paragraph\" style=\"font-size:18px\">Meine j\u00fcngste Tochter Vanessa ist sehr herzlich und wei\u00df genau was Sie von Ihrem Leben erwartet. Auch Sie hat eine wunderbare Stimme und ist ein echtes Organisationstalent. Was Sie im Kopf hat, hat Sie im Kopf! Zur Not setzt Sie ihren Willen mit ihren wundersch\u00f6nen Mandelaugen durch. Mit genau diesem Durchsetzungsverm\u00f6gen hat Sie sich unl\u00e4ngst ihren Traum vom Eigenheim verwirklicht. Gemeinsam mit ihrem Partner wird sie ihren Weg finden. Vanessa steht mit beiden Beinen auf dem Boden. Das \u201eNein-Sagen\u201c f\u00e4llt ihr nicht leicht. Ihr Herz zeigt ihr stets den Weg.<\/p>\n\n\n<div class=\"wp-block-image wp-image-796 size-medium\">\n<figure class=\"alignleft\"><img loading=\"lazy\" decoding=\"async\" width=\"300\" height=\"186\" src=\"https:\/\/echta-derminga.de\/wp-content\/uploads\/2018\/03\/letzte-300x186.jpg\" alt=\"\" class=\"wp-image-796\" srcset=\"https:\/\/echta-derminga.de\/wp-content\/uploads\/2018\/03\/letzte-300x186.jpg 300w, https:\/\/echta-derminga.de\/wp-content\/uploads\/2018\/03\/letzte-768x476.jpg 768w, https:\/\/echta-derminga.de\/wp-content\/uploads\/2018\/03\/letzte-644x399.jpg 644w, https:\/\/echta-derminga.de\/wp-content\/uploads\/2018\/03\/letzte.jpg 1245w\" sizes=\"auto, (max-width: 300px) 100vw, 300px\" \/><figcaption class=\"wp-element-caption\">Gemalt von Tristan<\/figcaption><\/figure>\n<\/div>\n\n\n<p class=\"wp-block-paragraph\" style=\"font-size:18px\"><strong>Die Leute sagen mein Sohn Tristan h\u00e4tte viel von mir. Ich kann das schwer beurteilen. Tristan hat, genau wie seine Schwestern, ein gro\u00dfes Herz und ist im Wesen eigentlich eher sensibel. Genau wie seine Schwester Annika verf\u00fcgt Tristan \u00fcber ein gro\u00dfartiges Talent. Er malt wunderbare Bilder und verf\u00fcgt \u00fcber viel Phantasie. Er ist ehrgeizig und kann \u00fcberhaupt nicht verlieren. Tristan hat das Herz am rechten Fleck und ist aus Sicht seiner Mutter manchmal zu redselig.<\/strong><\/p>\n\n\n\n<p class=\"wp-block-paragraph\" style=\"font-size:18px\">Auch wenn es nicht immer so scheint, unsere Kinder sind nat\u00fcrlich der Mittelpunkt unseres Lebens. Wenn ich an Sie denke, f\u00fchle ich mich oftmals unvollkommen. Ich habe viel Zeit mit ihnen vers\u00e4umt und trage daf\u00fcr die Verantwortung.<\/p>\n\n\n\n<p class=\"wp-block-paragraph\" style=\"font-size:18px\"><strong>Ich liebe meine Kinder und bin froh, wenn Sie Zuhause sind. Obwohl Zuhause wo war das noch gleich? F\u00fcr die Gro\u00dfen wird unser Haus wohl kaum noch ihr Zuhause sein. Auf dem eigenen Lebensweg sind sie damit besch\u00e4ftigt an ihrem eigenen Zuhause zu arbeiten.<\/strong><\/p>\n\n\n\n<p class=\"wp-block-paragraph\" style=\"font-size:18px\"><strong>Dennoch erklingt einmal im Jahr f\u00fcr alle der Satz:\u201c Das Essen ist fertig, kommt ihr bitte!\u201c<\/strong><\/p>\n\n\n\n<p class=\"wp-block-paragraph\" style=\"font-size:18px\"><strong>Dann ist es Weihnachten oder Ostern und alle Kinder sitzen gemeinsam rund an unserem Tisch.<\/strong> <strong>Mittlerweile wird es immer schwieriger diese Familientermine einzuhalten. Unsere Kinder haben ein eigenes Leben mit ihrer eigenen Familie aufgebaut.<\/strong> <strong>Dennoch gelingt es uns immer wieder diese Familientradition im Hause Klein in der &#8222;Hennagass&#8220; zu pflegen.<\/strong><\/p>\n","protected":false},"excerpt":{"rendered":"<p>Heimat ist f\u00fcr mich der Ort, wo die Menschen sind, bei denen ich mich zu Hause f\u00fchle. Wenn ich an meine Leute Zuhause denke werden Kindheitserinnerungen lebendig. Meine Familie und meine Freunde befinden sich an dem Ort, in dem ich geboren und aufgewachsen bin. Wenn ich an meine Leute denke habe ich ein gutes Gef\u00fchl. Zuhause ist dort, wo ich<\/p>\n","protected":false},"author":1,"featured_media":0,"parent":31,"menu_order":2,"comment_status":"closed","ping_status":"closed","template":"","meta":{"_crdt_document":"","footnotes":""},"class_list":["post-792","page","type-page","status-publish","hentry"],"_links":{"self":[{"href":"https:\/\/echta-derminga.de\/index.php?rest_route=\/wp\/v2\/pages\/792","targetHints":{"allow":["GET"]}}],"collection":[{"href":"https:\/\/echta-derminga.de\/index.php?rest_route=\/wp\/v2\/pages"}],"about":[{"href":"https:\/\/echta-derminga.de\/index.php?rest_route=\/wp\/v2\/types\/page"}],"author":[{"embeddable":true,"href":"https:\/\/echta-derminga.de\/index.php?rest_route=\/wp\/v2\/users\/1"}],"replies":[{"embeddable":true,"href":"https:\/\/echta-derminga.de\/index.php?rest_route=%2Fwp%2Fv2%2Fcomments&post=792"}],"version-history":[{"count":16,"href":"https:\/\/echta-derminga.de\/index.php?rest_route=\/wp\/v2\/pages\/792\/revisions"}],"predecessor-version":[{"id":17719,"href":"https:\/\/echta-derminga.de\/index.php?rest_route=\/wp\/v2\/pages\/792\/revisions\/17719"}],"up":[{"embeddable":true,"href":"https:\/\/echta-derminga.de\/index.php?rest_route=\/wp\/v2\/pages\/31"}],"wp:attachment":[{"href":"https:\/\/echta-derminga.de\/index.php?rest_route=%2Fwp%2Fv2%2Fmedia&parent=792"}],"curies":[{"name":"wp","href":"https:\/\/api.w.org\/{rel}","templated":true}]}}

<p class="wp-block-paragraph" style="font-size:18px"><strong>Heimat ist für mich der Ort, wo die Menschen sind, bei denen ich mich zu Hause fühle. Wenn ich an meine Leute Zuhause denke werden Kindheitserinnerungen lebendig. Meine Familie und meine Freunde befinden sich an dem Ort, in dem ich geboren und aufgewachsen bin. Wenn ich an meine Leute denke habe ich ein gutes Gefühl. Zuhause ist dort, wo ich mich angenommen und geborgen fühle.&nbsp;</strong></p>


<div class="wp-block-image wp-image-795 size-medium">
<figure class="alignleft"><img loading="lazy" decoding="async" width="300" height="200" src="https://echta-derminga.de/wp-content/uploads/2018/03/20180310_222354-300x200.jpg" alt="" class="wp-image-795" srcset="https://echta-derminga.de/wp-content/uploads/2018/03/20180310_222354-300x200.jpg 300w, https://echta-derminga.de/wp-content/uploads/2018/03/20180310_222354-644x430.jpg 644w, https://echta-derminga.de/wp-content/uploads/2018/03/20180310_222354.jpg 661w" sizes="auto, (max-width: 300px) 100vw, 300px" /><figcaption class="wp-element-caption">Gemalt von Tristan</figcaption></figure>
</div>


<p class="wp-block-paragraph" style="font-size:18px">Jeder kennt doch diesen Satz: „Das Essen ist fertig, kommt ihr bitte!“ Dieser Satz fällt bei uns zuhause nur noch selten. In einer Patch-Work Family ist das ohnehin recht schwierig und den Rest erledigt der Zeitgeist. Meine Frau und ich sind schon froh, wenn es uns gelingt am Wochenende gemeinsam mit unserem jüngsten Sohn zu Essen. Die Ältesten sind längst außer Haus oder nehmen ihre Speisen nach Belieben. Jeder isst wann er gerade Lust hat, beziehungsweise wann er nach Hause kommt. Dabei gehört laut einer wissenschaftlichen Studie das gemeinschaftliche Essen fest zum Familienleben. Die Zeiten ändern sich und aus meiner Sicht gehört das gemeinsame Essen nicht mehr unbedingt zum Familienglück.</p>



<p class="wp-block-paragraph" style="font-size:18px"><strong>Meine Frau Melanie ist der Kopf der Familie. Wenn Sie ausfällt geht nix mehr! Alles steht und fällt mit der Organisationsleiterin unserer Familie. Meiner Frau machst du nix vor. Sie kennt jede Schwäche und jede Stärke der einzelnen Familienmitglieder und weiß alles meistens schon im Voraus. Sie geht ihrem Beruf nach, macht die Wäsche und regelt den Haushalt. Manchmal frage ich mich wie Sie das macht. An manchen Tagen sehen wir uns nicht lange. Der Tag ist oft zu kurz und die Zeit vergeht rasend schnell. Meine zahlreichen Ehrenämter könnte ich ohne meine Frau nicht machen. Ich glaube das älteste Kind im Haus bin ich selbst.</strong></p>



<p class="wp-block-paragraph" style="font-size:18px">Unser Haus ist nach dem Auszug des ältesten Sohnes meiner Frau etwas ruhiger geworden. Auch meine Töchter kommen längst nicht mehr jeden Tag vorbei um sich nach meinem befinden zu erkundigen. Unsere Kinder stehen mitten im Leben und haben ihre eigenen Interessen.</p>


<div class="wp-block-image wp-image-794 size-medium">
<figure class="alignleft"><img loading="lazy" decoding="async" width="300" height="288" src="https://echta-derminga.de/wp-content/uploads/2018/03/nessi-2-300x288.jpg" alt="" class="wp-image-794" srcset="https://echta-derminga.de/wp-content/uploads/2018/03/nessi-2-300x288.jpg 300w, https://echta-derminga.de/wp-content/uploads/2018/03/nessi-2-768x737.jpg 768w, https://echta-derminga.de/wp-content/uploads/2018/03/nessi-2-644x618.jpg 644w, https://echta-derminga.de/wp-content/uploads/2018/03/nessi-2.jpg 800w" sizes="auto, (max-width: 300px) 100vw, 300px" /><figcaption class="wp-element-caption">Vanessa gemalt von Annika</figcaption></figure>
</div>


<p class="wp-block-paragraph" style="font-size:19px">Der älteste Sohn meiner Frau aus erster Ehe hat mittlerweile seine eigene Wohnung und geht seinem Beruf nach. Er wird seinen Weg gehen und seine Spuren hinterlassen. Manchmal ist er wie ein Buch mit sieben Siegeln. Jedoch verbirgt sich hinter der rauen Schale ein weicher Kern.</p>



<p class="wp-block-paragraph" style="font-size:19px">Der mittlere Sohn meiner Frau aus erster Ehe wohnt noch bei uns Zuhause. Er hat feste Vorstellungen von seiner Zukunft und versorgt sich praktisch selbst. Auch er wird seinen Weg machen und irgendwann auf eigenen Beinen stehen. Er gehört nicht gerade zu den spontanen Menschen und überlegt sich seine Entscheidungen reiflich.</p>



<p class="wp-block-paragraph" style="font-size:19px">Ich habe diese beiden Jungs aufwachsen sehen und habe viel Zeit mit ihnen verbracht. Nein es sind nicht meine leiblichen Kinder, aber spielt das eine Rolle?</p>



<p class="wp-block-paragraph" style="font-size:18px"><strong>Meine älteste Tochter Annika ist das personifizierte Chaos. Sie steht mitten im Leben und ist ein echtes Energiebündel. Sie ist wundervoll, hat ein großes Herz und einige wunderbare Talente. Seit April 2022 ist Sie stolze Mutter eines Sohnes. Gemeinsam mit ihrem Mann bastelt Sie sich ihrer eigenen Zukunft. Sie hat viele verborgene Talente, malt wunderschön und singt wie ein Engel. Ich weiß, dass Sie ihr Leben auf ihre ur-eigene Art und Weise meistern wird. Annika ist ein echter Dickkopf und entwickelt, wenn es darauf ankommt, einen enormen Kampfgeist.</strong></p>



<p class="wp-block-paragraph" style="font-size:18px">Meine jüngste Tochter Vanessa ist sehr herzlich und weiß genau was Sie von Ihrem Leben erwartet. Auch Sie hat eine wunderbare Stimme und ist ein echtes Organisationstalent. Was Sie im Kopf hat, hat Sie im Kopf! Zur Not setzt Sie ihren Willen mit ihren wunderschönen Mandelaugen durch. Mit genau diesem Durchsetzungsvermögen hat Sie sich unlängst ihren Traum vom Eigenheim verwirklicht. Gemeinsam mit ihrem Partner wird sie ihren Weg finden. Vanessa steht mit beiden Beinen auf dem Boden. Das „Nein-Sagen“ fällt ihr nicht leicht. Ihr Herz zeigt ihr stets den Weg.</p>


<div class="wp-block-image wp-image-796 size-medium">
<figure class="alignleft"><img loading="lazy" decoding="async" width="300" height="186" src="https://echta-derminga.de/wp-content/uploads/2018/03/letzte-300x186.jpg" alt="" class="wp-image-796" srcset="https://echta-derminga.de/wp-content/uploads/2018/03/letzte-300x186.jpg 300w, https://echta-derminga.de/wp-content/uploads/2018/03/letzte-768x476.jpg 768w, https://echta-derminga.de/wp-content/uploads/2018/03/letzte-644x399.jpg 644w, https://echta-derminga.de/wp-content/uploads/2018/03/letzte.jpg 1245w" sizes="auto, (max-width: 300px) 100vw, 300px" /><figcaption class="wp-element-caption">Gemalt von Tristan</figcaption></figure>
</div>


<p class="wp-block-paragraph" style="font-size:18px"><strong>Die Leute sagen mein Sohn Tristan hätte viel von mir. Ich kann das schwer beurteilen. Tristan hat, genau wie seine Schwestern, ein großes Herz und ist im Wesen eigentlich eher sensibel. Genau wie seine Schwester Annika verfügt Tristan über ein großartiges Talent. Er malt wunderbare Bilder und verfügt über viel Phantasie. Er ist ehrgeizig und kann überhaupt nicht verlieren. Tristan hat das Herz am rechten Fleck und ist aus Sicht seiner Mutter manchmal zu redselig.</strong></p>



<p class="wp-block-paragraph" style="font-size:18px">Auch wenn es nicht immer so scheint, unsere Kinder sind natürlich der Mittelpunkt unseres Lebens. Wenn ich an Sie denke, fühle ich mich oftmals unvollkommen. Ich habe viel Zeit mit ihnen versäumt und trage dafür die Verantwortung.</p>



<p class="wp-block-paragraph" style="font-size:18px"><strong>Ich liebe meine Kinder und bin froh, wenn Sie Zuhause sind. Obwohl Zuhause wo war das noch gleich? Für die Großen wird unser Haus wohl kaum noch ihr Zuhause sein. Auf dem eigenen Lebensweg sind sie damit beschäftigt an ihrem eigenen Zuhause zu arbeiten.</strong></p>



<p class="wp-block-paragraph" style="font-size:18px"><strong>Dennoch erklingt einmal im Jahr für alle der Satz:“ Das Essen ist fertig, kommt ihr bitte!“</strong></p>



<p class="wp-block-paragraph" style="font-size:18px"><strong>Dann ist es Weihnachten oder Ostern und alle Kinder sitzen gemeinsam rund an unserem Tisch.</strong> <strong>Mittlerweile wird es immer schwieriger diese Familientermine einzuhalten. Unsere Kinder haben ein eigenes Leben mit ihrer eigenen Familie aufgebaut.</strong> <strong>Dennoch gelingt es uns immer wieder diese Familientradition im Hause Klein in der &#8222;Hennagass&#8220; zu pflegen.</strong></p>

<p>Heimat ist für mich der Ort, wo die Menschen sind, bei denen ich mich zu Hause fühle. Wenn ich an meine Leute Zuhause denke werden Kindheitserinnerungen lebendig. Meine Familie und meine Freunde befinden sich an dem Ort, in dem ich geboren und aufgewachsen bin. Wenn ich an meine Leute denke habe ich ein gutes Gefühl. Zuhause ist dort, wo ich</p>
